 + -1 + (-10)/5. Let v = a - -8. Suppose j + 3 - 12 = v. List the prime factors of j.
3
Let x(y) = 24*y + 10. List the prime factors of x(3).
2, 41
Let i(v) be the first derivative of v**4/2 + v**2/2 - 2. Let p = -4 + 5. What are the prime factors of i(p)?
3
Let l = -301 - -445. Suppose 0 = 3*z + 4*w - w - 111, 4*z = -2*w + l. List the prime factors of z.
5, 7
Let c(f) = 5*f. Suppose 0*h + h = 2. Let u be c(h). List the prime factors of (u/(-8))/(5/(-20)).
5
Let h = -5 - -6. Let z be h + (-3)/6*-2. Let u = 3 + z. List the prime factors of u.
5
Suppose f = 3*w - f, -w = 4*f. Suppose w = -6*r + 5*r - 2. Let c = 9 - r. List the prime factors of c.
11
Let f be 2/8 - 27/12. Let y be f + 10 + -1 + -2. Let v(j) = j + 3. List the prime factors of v(y).
2
Let j(c) = 2*c - c**3 - 2 - 3*c**2 + 2*c - 9*c. Let l be 1/3 + (-20)/6. What are the prime factors of j(l)?
13
Suppose 5 + 1 = 3*b. Suppose 3*u - 5*w + 4*w = 121, -b*u - 3*w + 99 = 0. List the prime factors of u.
2, 3, 7
Let u = -9 - -30. List the prime factors of u.
3, 7
Let d(f) = f**3 - 13*f**2 + 12*f - 11. List the prime factors of d(13).
5, 29
Let c(y) be the third derivative of 7*y**4/24 + y**3/6 - 3*y**2. Let h be c(2). Let u = -7 + h. List the prime factors of u.
2
Suppose 3*v - 338 = -4*h + 82, 0 = -4*v - 3*h + 560. List the prime factors of v.
2, 5, 7
Suppose 4*i - 18 = 2*i. What are the prime factors of ((-12)/i)/((-3)/18)?
2
Suppose 2*d - 3*a = 4*d - 99, 3*a = 5*d - 237. What are the prime factors of d?
2, 3
What are the prime factors of 3/(-12) + 261/4?
5, 13
Let q = 3 - 6. Let u = q + 14. What are the prime factors of u?
11
Let f(o) = -o + 1. Suppose 3 - 9 = -2*v - 2*c, 5*v - 4*c = 42. Let b be (-60)/25 - v/10. What are the prime factors of f(b)?
2
Let n(d) = -d**3 - 10*d**2 - 8*d + 12. Let z be n(-9). Suppose -2*w - 3 = -0*w + y, 5*w - y - z = 0. What are the prime factors of (w - (-2)/(-6))*-9?
3
Let g(d) = 3*d**3 - 3*d**2 + 3*d - 3. Let x be g(2). Suppose x = v + 2*q, -5*q + 13 = -5*v + 73. List the prime factors of v.
13
Let d = 0 - 4. Suppose 3*x - 7 = 4*z, -5*z + 9 = 3*x - 16. What are the prime factors of 5/2 + z/d?
2
Suppose 0 = -2*n + 7*n + 10. Let j be -1 + 0 - (-4)/n. List the prime factors of (4/j)/(3/(-9)).
2
Let j(q) = 2*q**2 + q + 2. List the prime factors of j(-4).
2, 3, 5
Suppose 5*j = 4 + 6. Suppose -2*u + 3*l + 67 = 0, 0 = u - j*l - 8 - 26. What are the prime factors of u?
2
Let v(t) = -t**2 - 9*t + 12. Let y be v(-11). Let h = y - -28. What are the prime factors of h?
2, 3
Let c(r) = -4*r - 4 - 1 + 0 + r**3 + 7*r**2. List the prime factors of c(-7).
23
Let q(j) = j**2 - 5*j + 3. Suppose 0 = -4*u + r - 40, u = -4*r - 6 - 4. Let a = -5 - u. What are the prime factors of q(a)?
3
Let p = 28 + 2. Suppose 2*z + 5*s - p = -0*z, 6 = 3*s. List the prime factors of z.
2, 5
Let k(l) = -l**3 - 3*l**2 + l - 2. Let c be k(-4). Let y be 4/c + (-8)/(-5). Suppose -y - 10 = -2*j. What are the prime factors of j?
2, 3
Let c be 0/(6/(9/3)). Suppose c*q = -2*q + 68. Suppose 5*y - 3*y - q = 0. List the prime factors of y.
17
Suppose -12*b - 69 = -561. List the prime factors of b.
41
Suppose 5*l - 17 = 2*l + 4*a, 0 = -4*l + 4*a + 20. Suppose -l*z + 0*z = -15. Let b = z + 0. List the prime factors of b.
5
Let n = 8 - 7. What are the prime factors of (n/2)/((-3)/(-222))?
37
Let t(c) = c**3 + c**2 + c - 4. Let m be t(0). What are the prime factors of 1/m - 114/(-8)?
2, 7
Let b(o) = 2*o**2 - 7*o - 7. What are the prime factors of b(-8)?
3, 59
Let o = 3 - 5. Let k be (-4)/o - (-92)/4. Let p = k - 16. What are the prime factors of p?
3
Let t(j) = j**2 - 7*j + 7. Let g be t(7). List the prime factors of g/(7/18) - -3.
3, 7
Suppose -5*s = -f + 128, -352 = -3*f - s + 112. List the prime factors of f.
3, 17
Let q = 7 - 13. Let r(h) = -h**3 - 3*h**2 - h - 1. Let l be r(-3). What are the prime factors of 25/3 + l/q?
2
Let q be ((-12)/(-10))/(9/30). Suppose 14 = q*v + 2*t, 3 = 4*t - 3*t. List the prime factors of 2 + 2 + v/(-2).
3
Let n = -6 - -10. Suppose -6 = f + n*d - 35, 20 = 4*d. List the prime factors of f.
3
Suppose -3*h + 2*m + 32 + 110 = 0, -166 = -4*h - 2*m. What are the prime factors of h?
2, 11
Suppose 3*q = 49 + 59. List the prime factors of q.
2, 3
Let k(l) = -3*l - 29. Let s(m) = m + 10. Let h(f) = -3*k(f) - 8*s(f). What are the prime factors of h(6)?
13
Let k(g) = g**2 + 3*g - 7. Let h = 3 + 2. Suppose 0 = -h*x - 25, -3*r + 0*x = -3*x. What are the prime factors of k(r)?
3
Let r(f) = f**3 - 14*f**2 - 16*f + 16. Let h be r(15). Let c(a) = 9*a**2 + 2*a - 2. What are the prime factors of c(h)?
3
Let t be (-2)/(-2) - 24/(-4). Suppose -2*m - 6 = -3*i + t, -i + m + 6 = 0. Let f = 3 - i. What are the prime factors of f?
2
What are the prime factors of (-18 - -12)*14/(-4)?
3, 7
What are the prime factors of (16/5)/(12/840)?
2, 7
Let h(m) = -m**2 + 8*m - 4. Let v be h(7). Let w(t) = 4*t - 4. Let k be w(v). What are the prime factors of (k/(-3) - -3)*18?
2, 3
Suppose -60 = -2*w - 2*c, -3*c = -5*w + 81 + 37. What are the prime factors of w?
2, 13
Suppose -n = 2*d - 1 - 8, 2*n + 27 = 5*d. Let g = 7 - n. Let b(c) = c**2 - 6*c + 1. List the prime factors of b(g).
17
Let h = -11 - 1. Let r = 1 - h. List the prime factors of r.
13
Suppose 2*s = 3*s + 5*z - 3, -5*s + z + 67 = 0. Let a = 81 + -32. Suppose a = 3*m + s. List the prime factors of m.
2, 3
Let u be 2/(-9) + 29/9. Let p(v) = v**2 - 3*v + 3. Let q be p(3). Suppose q*j + 12 = 4*c + 3, -2*j = u*c - 11. List the prime factors of c.
3
Let k(t) = 2*t**2 + 2*t + 1. List the prime factors of k(6).
5, 17
Let j(x) = -9*x**3 + 9*x**2 - 17*x + 7. Let r(u) = 4*u**3 - 5*u**2 + 8*u - 3. Let l(w) = 2*j(w) + 5*r(w). What are the prime factors of l(4)?
3, 13
Suppose 4*g - 2*q - 58 = 0, 0*g = -2*g + 2*q + 34. What are the prime factors of g?
2, 3
Let d be (4/5)/(10/25). Suppose -5*a - 17 = 4*u, -u = 4*a - d*u + 1. What are the prime factors of (-9 - a)/(1/(-2))?
2
Let g = 15 + 5. Suppose g = -2*p - 0*p - 4*u, -4*p = -2*u - 10. Suppose p = 2*b - 20 - 6. List the prime factors of b.
13
Suppose 4 = -m + 9. Suppose 0 = -5*r + 45 + m. List the prime factors of 2/r + (-38)/(-10).
2
Suppose 0 = 4*p + 2*u - 76, 3*p - 2*u - 31 = 3*u. Suppose -3 - p = -5*j. Suppose 0 = -g + j*s - 1, -2*s = 5*g - 46 - 15. What are the prime factors of g?
11
Let x be 30 + 1/(-2)*4. Suppose -2*j = -2*i + x, 4*i - 47 = 3*j + 6. List the prime factors of i.
11
Suppose 4*s = s + 120. Let l be 1/(0 + (-3)/75). Let y = l + s. What are the prime factors of y?
3, 5
Suppose -366 = -5*m + 639. List the prime factors of m.
3, 67
Let v(r) be the third derivative of -r**5/60 - r**4/4 - r**3/2 - 2*r**2. List the prime factors of v(-3).
2, 3
Suppose -3*u = -0 - 33. Suppose 0 = d - u + 2. What are the prime factors of d?
3
Let l(c) = c**2 - 7*c + 6. Let p be l(5). Let d(y) = -6*y - 1. Let b be d(p). Suppose -2*q - z + 14 = 0, 2*z - b = -2*q - 5. What are the prime factors of q?
5
Let g(b) = -3*b + 5. Let c be g(5). Let x = -7 - c. Suppose -x*d + 60 = d. List the prime factors of d.
3, 5
Suppose 2*d = 8 - 4. List the prime factors of 37/d + 3/(-6).
2, 3
Let h be (-256)/(-10) - (-4)/10. Suppose w + 9 = h. What are the prime factors of w?
17
Let j = 50 - 22. What are the prime factors of (-16)/(-40) - j/(-5)?
2, 3
Let d = 22 - 31. What are the prime factors of (-2)/d + 532/36?
3, 5
Let u(d) = 15*d**3 + 1. Let o be u(1). Let n = -9 + 18. Let t = o - n. What are the prime factors of t?
7
Suppose 0 = -4*s + 24 + 80. List the prime factors of s.
2, 13
What are the prime factors of (-1)/(22/12 - 2)?
2, 3
Suppose -2*g = -4*y - 12 + 30, -4*g = 5*y + 10. List the prime factors of y.
2
Let r(n) = 36*n**3 + n - 1. List the prime factors of r(1).
2, 3
Let f(o) = 6*o**3 - o**2 + 3*o - 3. What are the prime factors of f(2)?
47
Let q(r) = r**2 + r - 4. Let j be q(0). List the prime factors of (j + 2)*6/(-3).
2
Suppose t + 121 = 4*u - 2*t, 3*u + 3*t = 96. What are the prime factors of u?
31
Suppose -6*n + 2*n + 96 = 0. What are the prime factors of n?
2, 3
Suppose 4 = -3*n - 32. Let v = n - -17. What are the prime factors of v?
5
Let w = 420 + -300. List the prime factors of w.
2, 3, 5
Suppose 2*t + 14 = 3*p, 0*p - 4*t + 26 = 3*p. Suppose -g = 2*g - p. What are the prime factors of g?
2
Let d be -3 + 54/3 - -1. Let i(a)